**2 + 73*r + 439. What is the remainder when 774 is divided by w(-7)?
232
Let d = 115766 + -115744. Suppose -3*o + 406 = 4*n - 64, 0 = 2*o + 4*n - 320. What is the remainder when o is divided by d?
18
Let i = 53 - 11. Calculate the remainder when 36/(-24)*(-1)/(-6)*-628 is divided by i.
31
Suppose 7*h + 0*h + 189 = 0. Let g(l) = -4*l**2 - 107*l + 49. What is the remainder when 52 is divided by g(h)?
8
Let t = -995 + 1080. Let c = -51 + 76. What is the remainder when t is divided by c?
10
Let k(m) = 2*m**2 - m + 1. Let w(r) = -7*r**2 + 2*r + 147. Let h(i) = 3*k(i) + w(i). What is the remainder when 52 is divided by h(11)?
16
Let h(x) = -7*x + 9. Suppose 5*d + 10 = 3*d. Let n(c) = 7*c - 10. Let y(a) = d*n(a) - 6*h(a). What is the remainder when 123 is divided by y(5)?
30
Let h(t) = 11*t**2 - 4*t + 3. Let l = 728 - 705. What is the remainder when h(2) is divided by l?
16
Let v be 21/27 + (-12)/(-54). Calculate the remainder when 50 is divided by (144/80)/(v/10).
14
Suppose 3774760 = -134*x + 244*x. Calculate the remainder when x is divided by 27.
26
Let v(c) = -c**3 - 3*c**2 - c + 1. Let i = -231 - -228. Calculate the remainder when 73 is divided by v(i).
1
Suppose -2*h - r = -8, 6*r = 2*r. Let i be -19 + -2 - (-20)/h. Let b = i - -32. Calculate the remainder when 46 is divided by b.
14
Let x(t) = t**2 - 229*t + 1390. What is the remainder when 147 is divided by x(6)?
43
Let d = -104 + 199. Suppose 2*z = -o + 39, 0 = 3*z + 2*z + 5*o - d. Suppose -n = -3*n + z. What is the remainder when 68 is divided by n?
8
Suppose 2*r - 225 = -r - k, 151 = 2*r + k. Suppose -423*m + 5215 = -4513 - 2116. Calculate the remainder when r is divided by m.
18
Suppose -185 = -3*j - 2. What is the remainder when j is divided by ((-7)/21)/(-15 - (4/372 + -15))?
30
Let g = 16316 + -15979. What is the remainder when 1236 is divided by g?
225
Suppose 3*g - 127 = -m, -50*m + 5*g + 610 = -46*m. Calculate the remainder when 18849 is divided by m.
144
Let d(n) = -n**3 + 15*n - 1. Let t be d(-4). Suppose t*x - 2380 = -14*x. What is the remainder when x is divided by 36?
32
What is the remainder when 51 is divided by (-302)/(-34) - 5*(-4)/170?
6
Let r be (-4)/(-2)*(10 + -9). Suppose -2*j - r*y = -92, 2*y = 9 + 1. What is the remainder when j is divided by 9/(-21) + 80/7?
8
Suppose 7*s = 3*s. Suppose -3*a + 7*a - 56 = s. Let c = -457 + 526. Calculate the remainder when c is divided by a.
13
Suppose -17*l + 12*l + 200 = 0. Calculate the remainder when (1 + 4/(-6))/((-8)/(-2712)) is divided by l.
33
Suppose -3*w - 3*u - 175 = -1735, 0 = -5*w - 2*u + 2588. What is the remainder when w is divided by 155?
51
Let t(p) be the third derivative of p**6/60 - 3*p**5/20 - 5*p**4/24 - 7*p**3/3 + 2*p**2 + 12. What is the remainder when t(6) is divided by 17?
13
Let h = 429 + -418. Let g = 37 + -19. What is the remainder when ((-9)/g)/(1/(-38)*1) is divided by h?
8
Suppose 0 = 3*y + 2*y + 891 - 1491. Calculate the remainder when y is divided by 75.
45
Let g(c) = c**2 + 231*c + 40. Let s = 144 + 172. Calculate the remainder when s is divided by g(0).
36
Let b(c) = -6*c + 42. Let i be b(6). Suppose -i*f + 51 = -21. Calculate the remainder when 104 is divided by f.
8
Suppose -141*s - 1687 = -3*u - 143*s, 2*s - 2246 = -4*u. Calculate the remainder when u is divided by 95.
84
Let q(g) = -g**3 + 8*g**2 - 2*g + 16. Let b be q(8). Suppose 34*v - 33*v + 137 = b. Let z = v + 145. What is the remainder when 38 is divided by z?
6
Let y(z) = 0*z**3 - 6 - z**3 + 2*z**3 - 2*z**3 + 7*z - 2*z**2 + 12. Calculate the remainder when y(-4) is divided by 4.
2
Let v(h) = -h**3 + 17*h**2 + 109*h - 1860. What is the remainder when 214 is divided by v(16)?
74
Suppose 61*f = 62*f - 26. Suppose 25 = f*k - 25*k. What is the remainder when 34 is divided by k?
9
Let v(g) = 3*g**2 + 16*g - 7. Let a be v(-6). Calculate the remainder when 11 is divided by 3/5 - (-12)/a.
2
Let s = -301 + 360. Suppose 25*y = -s + 734. Calculate the remainder when 182 is divided by y.
20
Calculate the remainder when 997 is divided by 205 - -165*(-30)/225.
82
Suppose 5*v - 363 = -2*r, -v + 5*r - 31 = -82. Let y = v - -34. What is the remainder when y is divided by 27?
24
Let x = 334 + -334. Suppose 0 = r + 4*r + n - 280, x = 3*n + 15. What is the remainder when 104 is divided by r?
47
Let h = -176 - -186. Suppose 88 = 2*q + h. Calculate the remainder when 192 is divided by q.
36
Suppose 0 = 19*b + 806 - 2212. What is the remainder when b is divided by 10?
4
Suppose -20*y = -3*y - 11*y - 90. Let q(h) be the third derivative of h**6/120 + 2*h**5/15 - h**4/12 + 2*h**2. What is the remainder when q(-5) is divided by y?
10
Suppose 3 = -3*k, 4*l + 0*k + 5*k - 11 = 0. Suppose -y = l, 5*g + 0*g - y = 104. Calculate the remainder when g is divided by 5.
0
Let a(n) = -466*n + 33. Suppose -5*d + 318 + 62 = 0. Calculate the remainder when d is divided by a(0).
10
What is the remainder when 148 is divided by 1 + (-1)/(-7 - 414/(-60))?
5
Let w = -177 + 169. What is the remainder when (-4)/w + 1336/16 is divided by 17?
16
Let z = -622 - -1042. Let p = -376 + z. Let c = 29 + -14. Calculate the remainder when p is divided by c.
14
What is the remainder when 6*(-99)/(-54) + 246 is divided by 242?
15
Let b(z) = z**2 + 7*z - 7. Let v be b(-6). Let p = 24 + v. Suppose 4*m + 42 = -4*g + 222, -4*g + 166 = -3*m. Calculate the remainder when g is divided by p.
10
Suppose 2*n + 84 = 2*c, 4*c - 3*n = 2*n + 173. Let i be (-6)/21*(19 + -12). Calculate the remainder when 0 + i + (2 - 4 - -111) is divided by c.
33
Suppose 0 = g - 9, -2*g = 29*x - 33*x + 134. What is the remainder when 3836 is divided by x?
36
Suppose -207 = -3*m + 5*w - 189, 0 = -5*w - 15. What is the remainder when 495 is divided by m?
0
What is the remainder when 17/7*25 + (-12)/(-126)*3 is divided by 54?
7
Let p(a) = a**2 - a - 8. Let i(f) = 3*f - 34. Let v be i(13). Let j be p(v). Let s = 18 - j. What is the remainder when 17 is divided by s?
5
Let b(u) = u**2 - 13*u - 193. Let a be b(22). Suppose a*c - 76 = 124. Calculate the remainder when 152 is divided by c.
32
Let q = 3944 + -3936. Calculate the remainder when 479 is divided by q.
7
Suppose 0 = 2*g + 5*m - 2170, -3*g - 1604 + 4881 = 2*m. What is the remainder when g is divided by 22?
17
Let g(t) = -158*t + 188. Calculate the remainder when g(0) is divided by 43.
16
Let m be ((-9)/27)/(2/18)*-59. Suppose -2*y + m = -5*b, 7*b - 303 = -3*y + 2*b. Suppose -4*j + y = 20. Calculate the remainder when j is divided by 5.
4
Suppose -2*g = d - 161, 1045 = 4*d - g + 419. What is the remainder when 477 is divided by d?
6
Suppose 6*t = 5*t - 8. Let k(n) = -n - 4. Let p be k(t). Suppose a - p*b - 174 = 15, a + 4*b - 165 = 0. Calculate the remainder when a is divided by 36.
33
Calculate the remainder when (2 + 1066 - 9)/4*(-104)/(-6) is divided by 27.
26
Suppose -6*z + 16 = -2*z, 5*z = 2*o - 134. Let c = 15628 + -15502. Suppose -7*n + c = -o. What is the remainder when 85 is divided by n?
27
Let l(h) = 8*h**2 + 42*h + 1248. What is the remainder when l(-20) is divided by 172?
168
Let s = -13 + 21. Let y(w) = 2*w + 7. Let a be y(-10). Let p = 1 - a. What is the remainder when p is divided by s?
6
Suppose -v = -8 - 33. Suppose 4*r + 61 = k, 3*k + v = 2*r + 264. Calculate the remainder when k is divided by 10.
7
Let a(m) = m**2 + 80*m + 516. What is the remainder when 516 is divided by a(-7)?
1
Suppose 40*y - 46*y - 90 = 0. Calculate the remainder when 18 is divided by 50/375 - 103/y.
4
Suppose 28785 + 11067 = -34*x + 157*x. What is the remainder when 969 is divided by x?
321
Let t(z) = 2*z**2 + z + 37. Suppose -12*v = 4*v. Let h(n) = 16*n - 4. What is the remainder when h(7) is divided by t(v)?
34
Suppose -16 = -m - 3*m. Suppose -2*l + 14 = 5*w - m*w, 2*w = 8. Let v = 1 - -13. Calculate the remainder when v is divided by l.
4
Let v(s) = -157*s + 1057. Calculate the remainder when v(-23) is divided by 23.
22
Suppose 3857 = t + 4*s - 4342, -3*t + 24565 = -4*s. What is the remainder when t is divided by 149?
145
Let f = -126149 - -126481. Calculate the remainder when f is divided by (-2 + 3)/(2/74).
36
What is the remainder when (-56646)/(-72) - (-1 - (-12)/16) is divided by 388?
11
Let b be 536/10 - (36/(-15) - -2). Let o = -35 + b. What is the remainder when 30 is di